 x + 545. Suppose -n = l - 4*l. Is l composite?
False
Suppose -4*j + 17155 = 5*h - 9*j, 3*j = 5*h - 17147. Is h composite?
True
Suppose -81*k = 81*k - 2237706. Is k a prime number?
False
Suppose -5*w + 5*o = -25840, -3*w + 2*o + 15497 = -0*o. Is w a prime number?
False
Let k = -312 - -312. Let n be 4/6 + 36093/9. Suppose -b - n = -k*z - 2*z, -5*z = 5*b - 10020. Is z a prime number?
False
Let k be 12/10*(-90)/(-27). Suppose -g = -3*j - 2 + 1, -3*j = -4*g + k. Suppose j = -4*c - 3*i + 3699, -6*c + c = 5*i - 4630. Is c prime?
False
Is ((-144908274)/(-56))/((-3)/(-4)) - (23 + -23) a prime number?
True
Let m(n) = 38*n**3 - 7*n**2 + 6*n + 1. Let i be m(3). Let y = i - 461. Is y a prime number?
True
Let l(b) = 20*b + 78. Let u be l(-6). Is 4652/6*u/(-28) composite?
False
Let c(i) = -204*i - 11. Suppose -49*u + 30*u - 114 = 0. Is c(u) prime?
True
Let t(l) = 0 + 12*l + 4 + 10 + l**2 + 2. Let y be t(-11). Suppose y*q - 2773 = 4032. Is q prime?
True
Let q(n) = -5 - 10*n + 5*n - 15*n + n**2 - 4. Let r be q(21). Is 881 - ((-4)/r*3 - -5) composite?
False
Suppose -7*o + 8*o - 1396 = -h, 3*h - 3*o - 4164 = 0. Let z = 3713 - h. Is z a composite number?
True
Let u(m) = -8*m**3 - 4*m**2 - 211*m - 861. Is u(-4) a composite number?
False
Is -3*(-4)/(-24)*(-131079 + 41) a composite number?
False
Suppose -3*o - 5*b + 1018076 = -403957, -b = 4*o - 1896044. Is o a composite number?
True
Is (17/3 - 5)*(-161533953)/(-126) a composite number?
True
Suppose 57 = 2*i - 89. Let c = i - -22. Is c prime?
False
Suppose 5*z - v + 87 = -0*v, 2*z - 3*v = -40. Let h = -10 - z. Suppose -3*w + h*w = -2*o + 122, -4*w - o + 123 = 0. Is w composite?
False
Suppose -3 = 5*k + 2. Let b be (-15)/(-15) - k*1. Suppose b*i = 203 + 199. Is i a prime number?
False
Let i be (-2 - (-4)/14)/((-8)/84). Let u be -64 - (i/8 - 10/40). Let f = 123 + u. Is f a prime number?
False
Suppose -102*o = -97*o. Suppose -5*p + 3*u + 53 = 0, 25 = 3*p - o*u + 5*u. Is (166/p)/((-9)/5 - -2) a composite number?
False
Let k(x) = -9*x**3 + 5*x**2 - x - 19. Suppose 40*s = 27*s - 52. Is k(s) composite?
False
Let m = 240 + 1989. Is (m/9*3)/1 a prime number?
True
Let c(x) = -32*x**2 - 155*x**2 - 15*x + 18 - 161*x**2 + 695*x**2 + 595*x**2. Is c(-7) a prime number?
False
Suppose 280*x + 5175401 = 141642081. Is x a prime number?
True
Let w be ((-5)/(-2))/((-120)/(-336)). Let n(j) = 690*j - 209. Is n(w) composite?
False
Suppose 2*b = -p - 4680, -7*p = -9*p + 8. Let m = 2785 - b. Is m composite?
True
Let y be (-5808)/198*6/(-8). Let t = 16 + -10. Is t/(-33) + 17318/y composite?
False
Suppose 67*f = -82*f + 136*f + 1221571. Is f prime?
True
Suppose 63*p - 58*p - 10 = 0. Suppose p*s + 3*h = 700, -1582 = -5*s + 3*h + 147. Is s a prime number?
True
Suppose 3*p - 3307088 = -5*n, 4*n = 1802*p - 1806*p + 2645672. Is n a prime number?
True
Let l(m) be the second derivative of 23*m**4/12 + m**3/2 + 3*m**2/2 - 3825*m. Suppose -v = -5*t - 5*v + 10, 4*v = 20. Is l(t) a prime number?
True
Suppose 3*n = -2*t - 531, 1194 + 145 = -5*t + 4*n. Let u = -161 - t. Is u a prime number?
False
Let n be 4/(-7)*1/(4/(-14)). Suppose n*b + 2*r + 8220 = 0, -3*b - 5445 - 6857 = -4*r. Is 1/(-6)*b + 20/30 composite?
True
Let p = -10 - -90. Let r be 122/8 - 20/p. Suppose 0 = b + 2*c - 2209, 4*c + c = r. Is b composite?
False
Let x(y) = -y + 27. Let p be x(25). Is (2050 - -3)*(3 - p) a prime number?
True
Let h = 29179 + -9648. Is h composite?
False
Suppose 0 = -49*u + 10*u + 1961427. Is u a prime number?
False
Let x be (-4)/(-10) + 304/(-10). Let j be (11 + 2 + 6)/((-1)/(-7)). Let z = x + j. Is z composite?
False
Let x = 3019604 - 1771003. Is x composite?
True
Let s(j) = 210*j**2 + j + 1. Let i be s(-1). Let q(r) = 240*r + i*r - 92*r + 40*r - 55. Is q(6) prime?
True
Suppose 1747301 + 6029084 = 7*a - i, 3*a = 5*i + 3332709. Is a prime?
True
Suppose 2*o + 0*o + 29 = -k, 117 = -5*k - 3*o. Let w = k + 25. Let p = 55 - w. Is p prime?
False
Is (-6)/22 + 90069176/1892 composite?
True
Let n = -44 + 44. Suppose 0 = -5*t + 4*g - n*g + 440, -g = 5*t - 415. Suppose 3*w - 75 = t. Is w a prime number?
True
Let c be (-208)/(-34) + (-12)/102. Suppose -c*f = -116620 - 45890. Is f prime?
False
Let x be 36/27*(-18)/(-4). Suppose -x*y + 17 = 5. Suppose 0 = -4*l + 12, y*u + l + 3*l = 310. Is u a prime number?
True
Let d(w) = w**2 + 4*w + 4. Let v be d(-2). Suppose -3*p = 4*s - 1410, v = -p + 5 - 7. Suppose 2*o - 2264 = -s. Is o a composite number?
True
Suppose -19*s = -25*s - 210. Is 117324/10 - 21/s prime?
False
Let c = 2 - 4. Let q be 5793/c*-1*-2. Let n = -2860 - q. Is n a composite number?
True
Let a(r) = 14836*r**2 + 542*r - 7. Is a(-3) composite?
False
Suppose 5*f = -b + 838026, -3*b - 56557 = -4*f + 613860. Is f a prime number?
False
Let q(h) = -9*h**2 - 4*h + 36. Let l(u) = 5*u**2 + 3*u - 18. Let k(c) = 7*l(c) + 4*q(c). Let o be k(7). Suppose 10*d - 3126 = o*d. Is d a prime number?
True
Let j(a) = -76*a - 32*a - 8 + 31 + 26. Is j(-14) a prime number?
False
Suppose 0 = -195*v + 926701 + 3639614. Is v a prime number?
True
Let w = -54234 - -91365. Is w a prime number?
False
Suppose -d + 38050 + 30652 = 3*a, -3*d = 5*a - 114502. Is a composite?
False
Let n(y) = -20*y**3 + 7*y**2 + 10*y - 1. Let u = 31 - 30. Let q(o) = o**3 + o**2 + o. Let l(g) = u*n(g) - 3*q(g). Is l(-3) a composite number?
True
Let o(t) = 18*t**2 - 182*t - 397. Is o(-45) prime?
False
Let k be (-10)/(-1) + (-4 - -421). Let z = 0 - -4. Suppose -3943 = -z*b - k. Is b prime?
False
Suppose -o = 12*o + 429. Is 11/(o/(-12)) - -991 composite?
True
Suppose 17*o - 2236474 + 585403 = 544768. Is o prime?
False
Let f(p) = -p**2 + 6*p - 8. Let q be f(5). Let z be (-1 - -8)*(-1 - (1 + q)). Suppose 3*y + 3628 = z*y - 5*j, 5*j - 3628 = -4*y. Is y a prime number?
True
Let a(t) = 176*t**2 - 13*t - 41. Let s be a(-4). Let q = 1974 + s. Is q a composite number?
False
Let f(s) = -s**3 + 10*s**2 - 15*s - 7. Let o be f(3). Let p(w) = 27*w + 220. Is p(o) a composite number?
True
Suppose -4*s - 299*g + 287868 = -303*g, 0 = -3*s - 5*g + 215917. Is s composite?
True
Suppose 4*k = v - 15, 0 = -5*v - 2*k - k - 17. Let d be v*((-3)/(-3) + -3). Suppose -d*c + g = 6*g - 3102, 5*c = 5*g + 7825. Is c a composite number?
True
Let t = 234 + -234. Let u(g) = 2*g**3 + g**2 + 6927. Is u(t) prime?
False
Suppose 5*x + 5*z = -97035, 5*z - 58189 = 3*x - 0*x. Let j = -11310 - x. Is j a prime number?
True
Let n be -2*1/2 + 1793. Suppose 0 = k + n + 2917. Let i = k - -8050. Is i a composite number?
True
Let m(j) = 24*j**2 + 28*j + 13. Let a be m(-18). Let k = a - 4122. Is k a prime number?
True
Let n be 6/(-51) - 302448/136. Is n/(-5) + 26/130 a prime number?
False
Let l(n) = n**2 + 6*n - 51. Let t be l(6). Suppose -16*p + 5*h - 24225 = -t*p, 4*p = -2*h + 19388. Is p a prime number?
False
Let r = -119810 - -168195. Is r a composite number?
True
Let b = 54911 + -28606. Is b a prime number?
False
Let q(k) = -6*k**3 - 8*k**2 - 4*k + 29. Let h = -55 + 54. Let s be (-8)/(-20)*(h - 14). Is q(s) a composite number?
False
Suppose 2*y - 3*h = 12, -6 = -3*y + 2*y - 3*h. Let d be (y/(-2))/1 - (-9 - 0). Suppose 0 = -p - d*p + 609. Is p a composite number?
True
Suppose 0 = -3*g + 2*c + 342461, 3*g = -3*c + 138660 + 203826. Is g a prime number?
True
Suppose -10*m = -4*m. Suppose 2*j + m*j = 16. Suppose -3*t + 9442 = 2*q, -9442 = 6*q - j*q + 2*t. Is q prime?
True
Let k(n) = n**3 - 2*n**2 - n - 3. Let y be k(3). Let b(o) = 22*o**3 + 16*o**2 - 10*o - 42. Let t be b(7). Is y/(4 - -2)*t a composite number?
True
Let t(f) be the second derivative of -f**7/840 - f**6/60 - f**5/60 + f**4/12 - 4*f**3 - 14*f. Let p(m) be the second derivative of t(m). Is p(-13) composite?
True
Is 2/(-1)*(6 - 2630/20) prime?
True
Let z(n) = -11*n**3 + 3*n**2 + n - 3. Let h(j) = -22*j**3 + 5*j**2 + 3*j - 6. Let c(s) = -3*h(s) + 5*z(s). Is c(4) prime?
True
Let q(r) = -29*r**3 - 2*r**2 - 5*r - 21. Suppose 9*o + 120 = 372. Suppose 3*y - 4*l = y + 8, -o = 3*y + 4*l. Is q(y) composite?
False
Let d = 15352 + -22962. Let y = 10761 + d. Is y a prime number?
False
Let x(v) = 26233*v**2 - 6. Is x(1) a composite number?
False
Let l be -4*(-10 - 261/(-36)). Let q = -1484 - -2856. Suppose l*g - 2797 = q. Is g prime?
True
Is (-48773 + -9)/(-2 + -5 + 5) prime?
True
Let m = 170 + 188. Let n = 200 + -335. Let l 